{"id":19,"date":"2024-08-11T20:33:05","date_gmt":"2024-08-11T18:33:05","guid":{"rendered":"https:\/\/foerderverein-friedrichstadt.de\/?page_id=19"},"modified":"2024-12-17T14:06:49","modified_gmt":"2024-12-17T13:06:49","slug":"kontakt","status":"publish","type":"page","link":"https:\/\/foerderverein-friedrichstadt.de\/?page_id=19","title":{"rendered":"Kontakt &amp; Mitgliedschaft"},"content":{"rendered":"\n<p class=\"has-medium-font-size\">So erreichen Sie uns:  <\/p>\n\n\n\n<p>F\u00f6rderverein der Schule<br>GmS Friedrichstadt e.V. <br>Sandstra\u00dfe 4 <br>D-06886 Lutherstadt Wittenberg<br><br>Web: <a href=\"https:\/\/foerderverein-friedrichstadt.de\">https:\/\/foerderverein-friedrichstadt.de<\/a><br>Email: foerderverein.friedrichstadt@posteo.net<br><\/p>\n\n\n\n<p style=\"font-size:18px\"><strong>Vorstandsteam<\/strong> seit 2023:<br>Ingo Balzereit, Gustav Kirberg, Melanie Chadwick, Ellen Pietzner<\/p>\n\n\n\n<p>Wir sind immer auf der Suche nach neuen Mitgliedern. Bei einer Mitgliedschaft wird ein monatlicher Beitrag von 3\u20ac pro Monat erhoben (j\u00e4hrlich im Januar). Gern stellen wir einen Spendenbescheid aus, wenn Sie die Arbeit des F\u00f6rdervereins finanziell unterst\u00fctzen wollen.<\/p>\n\n\n\n<p>Den Antrag f\u00fcr den Beitritt zum F\u00f6rderverein findet Sie <a href=\"https:\/\/foerderverein-friedrichstadt.de\/wp-content\/uploads\/2024\/12\/Beitrittserklaerung.pdf\"><strong>hier<\/strong> (PDF): Beitrittserkl\u00e4rung<\/a>.<\/p>\n\n\n\n<p><\/p>\n","protected":false},"excerpt":{"rendered":"<p>So erreichen Sie uns: F\u00f6rderverein der SchuleGmS Friedrichstadt e.V. Sandstra\u00dfe 4 D-06886 Lutherstadt Wittenberg Web: https:\/\/foerderverein-friedrichstadt.deEmail: foerderverein.friedrichstadt@posteo.net Vorstandsteam seit 2023:Ingo Balzereit, Gustav Kirberg, Melanie Chadwick, Ellen Pietzner Wir sind immer auf der Suche nach neuen Mitgliedern. Bei einer Mitgliedschaft wird ein monatlicher Beitrag von 3\u20ac pro Monat erhoben (j\u00e4hrlich im Januar). Gern stellen wir einen &#8230; <a title=\"Kontakt &amp; Mitgliedschaft\" class=\"read-more\" href=\"https:\/\/foerderverein-friedrichstadt.de\/?page_id=19\" aria-label=\"Mehr Informationen \u00fcber Kontakt &amp; Mitgliedschaft\">Weiterlesen<\/a><\/p>\n","protected":false},"author":1,"featured_media":0,"parent":0,"menu_order":0,"comment_status":"closed","ping_status":"closed","template":"","meta":{"footnotes":""},"class_list":["post-19","page","type-page","status-publish"],"_links":{"self":[{"href":"https:\/\/foerderverein-friedrichstadt.de\/index.php?rest_route=\/wp\/v2\/pages\/19","targetHints":{"allow":["GET"]}}],"collection":[{"href":"https:\/\/foerderverein-friedrichstadt.de\/index.php?rest_route=\/wp\/v2\/pages"}],"about":[{"href":"https:\/\/foerderverein-friedrichstadt.de\/index.php?rest_route=\/wp\/v2\/types\/page"}],"author":[{"embeddable":true,"href":"https:\/\/foerderverein-friedrichstadt.de\/index.php?rest_route=\/wp\/v2\/users\/1"}],"replies":[{"embeddable":true,"href":"https:\/\/foerderverein-friedrichstadt.de\/index.php?rest_route=%2Fwp%2Fv2%2Fcomments&post=19"}],"version-history":[{"count":8,"href":"https:\/\/foerderverein-friedrichstadt.de\/index.php?rest_route=\/wp\/v2\/pages\/19\/revisions"}],"predecessor-version":[{"id":73,"href":"https:\/\/foerderverein-friedrichstadt.de\/index.php?rest_route=\/wp\/v2\/pages\/19\/revisions\/73"}],"wp:attachment":[{"href":"https:\/\/foerderverein-friedrichstadt.de\/index.php?rest_route=%2Fwp%2Fv2%2Fmedia&parent=19"}],"curies":[{"name":"wp","href":"https:\/\/api.w.org\/{rel}","templated":true}]}}